is the units digit of f?
8
Let d be (-90)/(-1) + 1 + 0. Let g = d + -39. What is the units digit of g?
2
Suppose -3*f - 29 = -4*f. What is the tens digit of f?
2
Let k = 10 - -33. Let i = k + -26. What is the tens digit of i?
1
Suppose -12*v + 11*v + 17 = 0. What is the tens digit of v?
1
What is the units digit of -3*2/((-18)/51)?
7
What is the units digit of (20/(-6))/(5/(-105))?
0
Suppose 15*g = 17*g - 102. What is the units digit of g?
1
What is the tens digit of (-4)/18 - 3289/(-99)?
3
Suppose 0 = -5*l + 5*k - 540, -3*l - k - 327 = -5*k. What is the units digit of (-1)/(-4) + l/(-28)?
4
Suppose d = -3*d + 16. Suppose -6 = -d*z - 2. What is the units digit of z?
1
Let x = -10 - -14. Suppose 2*l = x*p - 18, -5*l + l + 9 = p. Suppose k - 38 = -p*a, 4*k = 4*a - k - 13. What is the units digit of a?
7
Suppose -3*z = -8 - 16. What is the units digit of z?
8
Suppose 0 = 5*a - 45 + 15. Suppose 3*o + o - 4*m = 40, -a = -2*m. What is the units digit of o?
3
Let x(q) = q**3 - 8*q**2 - 2*q + 9. Let y(r) = r**3 - 9*r**2 - 2*r + 10. Let d(o) = -6*x(o) + 5*y(o). Let b be d(4). What is the units digit of 8/b*42/(-4)?
7
Suppose -3*i + 377 = 26. What is the tens digit of i?
1
What is the units digit of 12/12 - (-15 + 0)?
6
Let b(t) = -t**3 + 9*t**2 - 6*t + 2. What is the units digit of b(8)?
8
Let w(c) = -2*c**3 + c**2 - c - 1. Let h be w(-1). What is the tens digit of 1 + 0 + 7 + h?
1
Let x be 1/4 + 162/(-8). Let j = x - -36. What is the units digit of j?
6
Let w(n) = n + 4. Let j be w(-4). Let i be j - -3 - (0 - -6). What is the units digit of (-6)/i - -1 - -2?
5
Suppose -244 = -2*a - 2*a. What is the tens digit of a?
6
Suppose -4*t - 32 = 3*g + 7, -3*t = 5*g + 43. Let d(o) = o + 7. What is the units digit of d(t)?
1
Suppose 3*r + 4*z + 6 = -7, 0 = -2*r - 3*z - 10. Suppose -3*f = -5 - r. What is the units digit of f?
2
Suppose 4*n = -65 - 63. Let t be (-2)/(-6) + n/6. Let f = t + 14. What is the units digit of f?
9
Let m = -1 + 2. Suppose m = -5*i + 26. Suppose 0 = 2*y - i*b - 24, -7*y + 2*y + 33 = b. What is the units digit of y?
7
Let t(f) = -f + 3. What is the units digit of t(-3)?
6
Let a(y) be the first derivative of y**4/4 - y**3/3 - y**2 - 2*y - 1. What is the tens digit of a(3)?
1
Let x = -3 - -1. What is the units digit of 2 - -1 - (x + -4)?
9
What is the units digit of (1 - 0) + (4 - -25)?
0
Let h(n) = -11*n. Let d(f) = -32*f + 1. Let g(m) = 2*d(m) - 7*h(m). What is the tens digit of g(2)?
2
Let z(l) = 0*l + 0*l - 8*l. Let q be z(-2). Suppose -22 = 3*t + 5*x, 0 = 4*t - 8*t - 4*x - q. What is the units digit of t?
1
Let a be (-7)/(42/8)*3. Let u(l) = -5*l - 8. What is the units digit of u(a)?
2
Let d(b) = 8*b**2 - b - 1. Suppose 4*v + 0*v = -4. Let k be d(v). Suppose 4*u - 36 = -k. What is the units digit of u?
7
Suppose 18*k - 13*k - 615 = 0. What is the hundreds digit of k?
1
Suppose 0 = -2*w + 3 + 3. Suppose -w*p + 21 = -27. What is the tens digit of p?
1
Suppose -3*r + 6*r = 5*m - 7, 0 = m + 2*r - 4. Suppose m*q - 7*q = -5. Let z = 0 + q. What is the units digit of z?
1
Suppose -4*u = -2*u. Let l be 0 + 0 - (0 - 33). Suppose 3*i - l + 9 = u. What is the units digit of i?
8
Suppose 3*m - 8 = 4. Suppose -3*l - 5*y + 15 = -2*l, 0 = -m*l + 4*y + 36. What is the tens digit of l?
1
Let n = -4 - -7. Let x = -1 + n. What is the units digit of x + 4 + -1 + 1?
6
Suppose -10 = -5*q + 5*i, 0 = 5*q + 2*i - 4*i - 10. Suppose -6 = 2*m + q*x, -4*x = x + 20. What is the units digit of m?
1
Let k = 0 - -7. Let i = -4 + k. What is the units digit of 13/i - 6/(-9)?
5
Let q(h) = h**2 + 7*h - 16. What is the tens digit of q(-11)?
2
Let w(k) = -4*k - 3. Let q be ((-9)/2)/(6/(-16)). Let u be q/(-2) + 3 + 0. What is the units digit of w(u)?
9
Let z be (-6 + -1)/((-3)/(-21)). Let g = 87 + z. What is the units digit of g?
8
Suppose 2*f + 3*f - 21 = 2*g, g + 2*f - 12 = 0. Suppose g*b - 4*v + 55 = -3*b, -2*v - 55 = 5*b. What is the units digit of b/(-2) - 1/(-2)?
6
Let v = -67 + 106. What is the units digit of v?
9
Let m = 73 + -22. What is the units digit of m?
1
Suppose -1 + 113 = 2*o. What is the units digit of o?
6
Let i = -8 + 124. What is the tens digit of i?
1
Suppose -r = -11 + 1. Let u be 16/24*2*15. Suppose 2*o = 4*y - u, -4*y - 2*o - o = -r. What is the units digit of y?
4
Suppose 0 = 3*z + 3*g + 32 + 1, 2*z + 4*g + 30 = 0. What is the units digit of 4/(-14) + (-16)/z?
2
Let f(g) = 15*g + 10. What is the tens digit of f(4)?
7
What is the units digit of (-5 + 7 + -4)/(2/(-127))?
7
Suppose 2*s = -2*y - 4, 0*s - 5*s + 14 = -3*y. Let a(v) = 5*v**2 + 2*v + 3 - 2 - 2. What is the units digit of a(s)?
6
Suppose -z = -3 - 4. Suppose 3*s + z = 4*s. What is the units digit of s?
7
Suppose 0 = -0*s - 2*s - 38. Let l = -7 - s. What is the tens digit of l?
1
Let q = -43 + 103. What is the tens digit of q?
6
Suppose -4*f = 4*k - 0*f - 108, 0 = -5*f. Let r = k - 12. What is the units digit of r?
5
Let f be 1*10 + 1 + -2. Suppose 5*i = 5*c + 11 + f, -i - 4*c = -29. What is the units digit of i?
9
Let z be (-1 - 0) + 54/2. Suppose -3*c + 15 = 0, -4*p - 5*c = -7 - z. What is the units digit of p?
2
What is the units digit of (-11 - -6)/(-10)*(0 + 32)?
6
Suppose -4*s = 2*o - 18, 0 = -o - 2*o + 3*s. Suppose 0*r - 32 = -o*r + 4*t, -2*r = -t - 13. What is the units digit of r?
4
Let q(z) = 5*z + 7. Let b(g) = -9*g - 14. Let m(s) = 4*b(s) + 7*q(s). Let r be m(-7). Suppose l + r*l = 13. What is the tens digit of l?
1
Let l(a) = 5*a - 14. What is the units digit of l(6)?
6
Let i = 14 - 10. What is the tens digit of 1310/70 + i/14?
1
Suppose 0 = 5*f - d - 58, -12 = 3*f + 3*d - 36. Let w = 16 - f. Let l = w - 4. What is the units digit of l?
1
Let z = -29 - -57. Let a = -13 - -18. Suppose 3 = -a*j + z. What is the units digit of j?
5
Suppose -4*w = 4*u - 656, -4*u + w + 2*w = -628. Suppose s = -l + 22, 2*l - 5*s = -3*l + u. What is the tens digit of l?
2
Let k be -3 - (2 + 0 - 7). Suppose 4*u = -k*x + 56, 4*x + 3*u + 0*u - 127 = 0. What is the tens digit of x?
3
Let x = -52 - -75. Suppose -2*l + 14 = 2*q, -3*l - 4*q = q - x. What is the units digit of l?
6
Let n(l) = -5*l + 4. Let z be n(0). Let f(r) = 7*r**2 - 9*r + 12. Let g(a) = -3*a**2 + 4*a - 6. Let c(v) = -2*f(v) - 5*g(v). What is the tens digit of c(z)?
1
Let x = -5 - -9. Let b = x + -17. Let f = -8 - b. What is the units digit of f?
5
What is the units digit of 80/15*(-3)/(-4)?
4
Suppose s - 4 = -1. Suppose 0*v = v - s. Let i(w) = 3*w + 1. What is the tens digit of i(v)?
1
Let j be (-148)/(-20) - (-6)/10. Suppose 5*f - 12 = -2. Suppose f*y = 3*y - j. What is the units digit of y?
8
Let n be 0 + 1 - (22 - 2). Let b = n + 35. Let c = -6 + b. What is the tens digit of c?
1
Let u(m) be the first derivative of m**3/3 - 6*m**2 + 14*m + 10. What is the tens digit of u(13)?
2
Let h(t) = -2*t - 4. Let i be h(-3). Let u be (-7 + 1)*i/(-4). Suppose u*q + q - 36 = 0. What is the units digit of q?
9
Let n(r) = 2*r**2 + 17*r + 11. What is the hundreds digit of n(-16)?
2
Let s be 40/25*(-10)/(-4). Suppose -2*b + 28 = s*p, 6*p = 4*b + 3*p - 111. What is the units digit of b?
4
Let h = -79 - -160. What is the units digit of h?
1
Let i = 17 - 12. Suppose 0 = -f + 5*p - 15, -i*f = -0*p + 2*p - 33. Suppose f*n = -3*t + 16 + 7, t - 13 = -3*n. What is the units digit of t?
1
Let l(z) = -z**2 - 2*z. Let p be l(-1). Let x be 4 - ((0 - p) + 2). Suppose -37 = -5*v + x. What is the units digit of v?
8
Let t(s) = -s + 6. Let o be t(6). Let r(z) be the third derivative of z**5/60 + z**3 - z**2. What is the units digit of r(o)?
6
Let v(s) = s**2 - 8. What is the units digit of v(10)?
2
Let t = -2 + 26. What is the units digit of t?
4
Let q(t) = t**2 - 4*t + 1. Let o be q(2). What is the units digit of (-1)/((o/7)/3)?
7
Suppose -3*m = -5*m + 82. Suppose -3*y = -4*y - m. Let l = -27 - y. What is the tens digit of l?
1
Let k(f) = f + 1. Let o(z) = -z**3 - 6*z**2 - 6*z + 1. Let q(h) = -3*k(h) - o(h). Let j be (-7 - 0)/(1 - 0) + 2. What is the units digit of q(j)?
6
Let k be (-615)/(-20) - 2/(-8). Let p = k + -18. What is the tens digit of p?
1
Let k(n) = n**3 - n**2 + 2. Suppose 2*h - 5 + 1 = o, -3*h - 2*o - 8 = 0. Let m be k(h). What is the units digit of -2*3/(-6)*m?
2
Let p(b) = b**3 + 5*b**2 - 6*b + 3. Let y be p(-6). Let h be y + (3 - 21/3). What is t